he remainder when 53 is divided by f.
11
Let c(i) = 2*i. Suppose -3*r + 0*r = d - 2, -3*r = -2*d + 49. Calculate the remainder when d is divided by c(5).
7
Suppose 16 - 1 = -5*w. Let y be ((-27)/2)/(w/(-6)). Let l = y - -43. Calculate the remainder when l is divided by 6.
4
Suppose -5*p - 4*o = 9, -3*o = -2*p + 2 - 1. What is the remainder when 20 is divided by (0 + (-1)/p)*7?
6
Let m = -15 + 9. Calculate the remainder when 3 is divided by m/(-18) - (-8)/3.
0
Let z(c) = -7*c. What is the remainder when z(-6) is divided by 22?
20
Let w = -4 - -9. Suppose 6 = 4*h + v - 4*v, -2*h - 2 = -4*v. Calculate the remainder when w is divided by (-1)/3 + 7/h.
1
Let c(f) = 3*f**2 - 2*f + 3. Suppose -4*k + 3 + 39 = 2*l, 4*l = 5*k + 84. Calculate the remainder when l is divided by c(2).
10
Let s be 0*(-3 - (-21)/6). Suppose s*j = 5*j - 55. Calculate the remainder when 42 is divided by j.
9
Let b = 5 - 7. Suppose -3 = 3*v - 2*v. Calculate the remainder when 0 - ((-78)/v)/b is divided by 5.
3
Let o(r) = -2*r + 25. Calculate the remainder when 21 is divided by o(8).
3
Calculate the remainder when (21 - 1) + 7 + -7 is divided by 7.
6
Let j be 22/5 + 4/(-10). Suppose 4*w + 4*x - 40 = 28, -w = j*x - 5. Suppose -5*y = -25, -3*d - 4*y + 61 = 8. What is the remainder when w is divided by d?
10
Let u = 28 - 26. What is the remainder when u is divided by 3 + (-2 - -2) + -2?
0
Suppose -2*p + p + 3*l + 31 = 0, -5*p + 107 = -3*l. Let u = p + -13. What is the remainder when 11 is divided by u?
5
Let k be (882/7)/(6/4). Let b = k + -51. What is the remainder when b is divided by 12?
9
Let c = 10 + 1. Let i(q) = -11*q + 3. Let s be i(8). Calculate the remainder when s/(-4) - 4/16 is divided by c.
10
Let h(f) = 15*f - 3. Let d = -8 - -11. Suppose 69 = 4*o - 5*u, o + u = -2*u - 4. Calculate the remainder when h(d) is divided by o.
9
Let d(k) = -k**3 + 8*k**2 - 6*k - 4. Let r be d(7). Let o = -15 + 42. Let t = o - r. Calculate the remainder when t is divided by 13.
11
Suppose 0 = w + 2*y - 35 - 2, 3*w - 131 = 4*y. Suppose -4*b = -3*r + w, -6*b + b + 65 = 4*r. Calculate the remainder when 44 is divided by r.
14
Let g(y) = 16*y**2 + y - 1. Let i be ((-2)/4)/(4/(-8)). What is the remainder when 29 is divided by g(i)?
13
Let u = 27 - 5. Calculate the remainder when u is divided by 6.
4
Let b(m) = 7*m - 3. What is the remainder when b(5) is divided by (-44)/6*6/(-4)?
10
Let s be (-1 - 1)/(2/1). Calculate the remainder when (-20)/6*(-312)/20 is divided by (-36)/10*s*5.
16
Let i = -17 - -22. Calculate the remainder when 6 is divided by i.
1
Let g = -148 + 178. Calculate the remainder when 114 is divided by g.
24
Let b(h) = h**3 + 9*h**2 + 8*h + 3. Let i be b(-8). Suppose -5*f - i = -53. Calculate the remainder when 38 is divided by f.
8
Suppose 0 = -3*s - 2*s + 60. Suppose -24 = -4*b - 0*b. Calculate the remainder when (-2)/b + (-350)/(-15) is divided by s.
11
Suppose -5*r + 11 = -14. Suppose 3*q = 4*x - 37 - 31, q = 2*x - 32. Calculate the remainder when (-78)/15*-1*r is divided by x.
12
Suppose -253 = 3*j - 310. Calculate the remainder when 113 is divided by j.
18
Let x = 18 + 8. Calculate the remainder when x is divided by 7.
5
Let q = 136 - 58. What is the remainder when q is divided by 27?
24
Let c = -3 - -12. Calculate the remainder when ((-34)/(-4))/(2/4) is divided by c.
8
Let b(o) = -9*o - 3. Let v = 8 - 10. What is the remainder when 28 is divided by b(v)?
13
Let x = 67 + -28. Calculate the remainder when x is divided by 21.
18
Let h = -18 + 20. Let j(w) = w**2 + 0*w**2 - w - 6*w**2 + 7 + w**3. Calculate the remainder when j(5) is divided by h.
0
Suppose 0 = 3*a - 4*a + 39. Let h = -21 + a. Let l = h + -8. Calculate the remainder when 18 is divided by l.
8
Let w = 648 + -420. What is the remainder when 55 is divided by 2/(3/(w/8))?
17
Let y(p) = p**2 + 4*p + 6. Calculate the remainder when y(-5) is divided by (-1)/(2/(-8)) - -2.
5
Suppose 0 = 4*q - 4*o - 28, -4*q + 13 = 2*o - 3*o. Let v(r) = -2 + 5*r**2 + 4 - 2*r**2 - 3 + q*r. What is the remainder when 59 is divided by v(2)?
14
Let r = 6 + -4. Suppose -r = 5*s - 3*j - 8, 4*s + 3*j = -6. Suppose 3*c - 31 + 1 = s. Calculate the remainder when c is divided by 6.
4
Let j(f) = -f**3 + f**2 - f - 1. Suppose 4*k = 70 - 10. Let v = -9 + k. What is the remainder when v is divided by j(-1)?
0
Let a(t) = 3 - 3 - 2 + 5*t. Let v be -3 - 8/(-2) - -3. What is the remainder when 52 is divided by a(v)?
16
Let t(k) = k**2 + 4*k + 14. Calculate the remainder when t(-11) is divided by 23.
22
Suppose -4*p + 16 = 5*r, 3*r - p = 14 - 1. Suppose 5*a - r*q = 59 - 7, -3*a + 42 = 3*q. Suppose -2*g - a = -5*g. Calculate the remainder when g is divided by 2.
0
Suppose 8*q - 4*q + 16 = 0. Let n(y) = 6 - 6 - 2*y. What is the remainder when 23 is divided by n(q)?
7
Let c = -1 - -115. Calculate the remainder when c is divided by 39.
36
What is the remainder when 36 is divided by 21/(-35) - 129/(-15)?
4
Let q = -5 + 35. Suppose 3*i - q = i. What is the remainder when 58 is divided by i?
13
Let z(g) = g**3 + 3*g**2 - 5*g - 2. Let d be z(-4). Suppose 0 = 3*q + 3, 4*c - 34 - d = -4*q. Let m = -6 + 34. Calculate the remainder when m is divided by c.
8
Let h = 7 - -5. Let m(z) = 5*z**2 + 2*z + 2. Let b be m(-5). Suppose c + b = 3*d + 11, -c - 174 = -5*d. Calculate the remainder when d is divided by h.
10
Let x be -6*(-2)/8*2. Suppose -4*d + 11 = 5*t, -3*d - 5*t + x = -4. Calculate the remainder when 7 is divided by d.
3
Let l be 0 + (6 - 6/2). Suppose 5*t = -15, l*s - 4*t - 117 = -t. What is the remainder when s is divided by 19?
17
Suppose 0*j + 20 = 4*j. Let h = -5 + 9. Suppose q = -z + 14, q = z - 0*q - h. Calculate the remainder when z is divided by j.
4
Let h = 1021 + -461. Calculate the remainder when (3 - -1)*h/32 is divided by 24.
22
Let l = 38 - 25. What is the remainder when 49 is divided by l?
10
Calculate the remainder when 26 is divided by ((-3)/(-5))/((-9)/(-225)).
11
Suppose -3*h + 26 = p - 0*p, 0 = -4*p - 5*h + 69. Let c be ((-1)/(-1))/((-2)/4). What is the remainder when p is divided by 5 - (1 - (c - -2))?
3
Suppose -5*m = 25, 7 + 4 = -y - m. Let o be (-9)/y*84/9. Suppose -i + 3*n + 28 = 0, 4*n = 2 - o. Calculate the remainder when 56 is divided by i.
18
Let d = -4 - -4. Suppose d = j - 0*j - 60. Suppose 6*h = h + j. What is the remainder when h is divided by 7?
5
Calculate the remainder when -6*(-1)/(-3) + (0 - -21) is divided by 5.
4
Let z be (-2 + (-44)/(-6))*-3. Let c = z + 26. Let m(v) = 4*v**2 + v + 1. Calculate the remainder when m(2) is divided by c.
9
Suppose 0*x - 4*x + 15 = c, -4*c - x + 135 = 0. Calculate the remainder when c is divided by 4.
3
Suppose y + 1 = t + 2*y, 0 = -t + 2*y + 7. Suppose -134 = -t*m + 112. Suppose 0 = -v + 3*v - m. Calculate the remainder when v is divided by 21.
20
Calculate the remainder when (-18)/6 + 30/3 is divided by 4 - (-1)/(-1)*1.
1
Let a be (1*-1)/((-2)/6). Suppose -2*g - 5 = -g. Calculate the remainder when 5 is divided by (a + g)/((-4)/6).
2
Suppose 0 = 2*w - 2*z - 2, 3 = -5*w - 4*z + 26. Suppose 3 = 2*m - 7. What is the remainder when m is divided by w?
2
Let a(q) = 29*q + 1. Calculate the remainder when a(1) is divided by 11.
8
Let p = 0 + 2. Suppose 2*d + 2*d = -p*o + 46, 3*d - 3*o = 57. Suppose 2*f - d = f. Calculate the remainder when 40 is divided by f.
12
Suppose -5*c = -47 + 17. Let g = 240 + -536. Calculate the remainder when 8/12 - g/c is divided by 17.
16
Suppose 2*u - 49 = 29. What is the remainder when u is divided by 26 - 11/((-11)/(-6))?
19
Let b(x) = 40*x - 1. Let v be b(1). Let c = 8 + -5. Suppose 4*h + c = v. Calculate the remainder when 26 is divided by h.
8
Suppose -44 = -3*h - h. Suppose 4*c = -h + 43. What is the remainder when 14 is divided by c?
6
Suppose -49 = -6*b + 23. What is the remainder when b is divided by 3?
0
Suppose -20 + 0 = -2*v. Let h(g) = g - 1. Let d be h(3). Suppose -13 = -o - 0*o + 5*q, 8 = d*o - q. What is the remainder when v is divided by o?
1
Suppose 0 = -4*f - 19 + 3. Let z = -3 - f. Suppose i - z = 4. What is the remainder when 13 is divided by i?
3
What is the remainder when 53 is divided by ((-6)/(-4))/((-3)/(-28))?
11
Let b(k) = k**3 + 8*k**2 - 10*k + 10. Let w(z) = -z - 9. Let r be w(0). What is the remainder when 56 is divided by b(r)?
18
Let